{"id":2257,"date":"2021-09-28T06:48:32","date_gmt":"2021-09-28T06:48:32","guid":{"rendered":"https:\/\/www.kuvailla.fi\/?page_id=2257"},"modified":"2022-06-22T15:44:53","modified_gmt":"2022-06-22T15:44:53","slug":"pajatyoskentely","status":"publish","type":"page","link":"https:\/\/www.kuvailla.fi\/?page_id=2257","title":{"rendered":"Pajaty\u00f6skentely"},"content":{"rendered":"\n<p><strong>ZEN-VALOKUVAUKSEN TY\u00d6PAJA KUHMOISISSA<\/strong><br>Zen-valokuvaty\u00f6paja oli lauantaina 25.9.2021 osana \u201dPOP UP HEVONKUUSI\u201d, n\u00e4yttelytapahtumaa.&nbsp;<\/p>\n<p style=\"text-align: justify;\">Zen-valokuvauksen ty\u00f6paja pidettiin Kuhmoisissa talossa, joka alunperin oli ollut yli sata vuotta vanha torppa. Torppa oli vuosien ja leiv\u00e4n levetess\u00e4 laajennettu hienoksi maataloksi lasikuisteineen kaikkineen. Taiteiljia <em><strong>Sade Hiidenkari<\/strong><\/em> oli ostanut talon 25 vuotta sitten ekologiseksi viljely- ja suojelutilaksi. Nyt talo on astumassa uuteen aikakauteen taiteilija- ja tapahtumaresidenssin\u00e4. Tapahtuman nimi oli &#8221;Pop Up Hevonkuusi&#8221;. Toki nimi tuo mieleen et\u00e4isyyden ja tapahtumapaikka on kaukana Helsingist\u00e4 katsoen, mutta paikalliset kuhmoislaiset kyll\u00e4 l\u00f6ysiv\u00e4t n\u00e4yttelyyn. T\u00e4ss\u00e4 alla ovat valokuvat, jotka syntyiv\u00e4t omakohtaisen hiljaisuuden ja hitaan vaeltelun tuloksena.<br><br>Katsele kuvia rauhassa, parhammillaan olet samalla ajatusaallolla kuvaajan kanssa. Mit\u00e4 kuvat her\u00e4tt\u00e4v\u00e4t sinussa?<\/p>\n<p>Klikkaamalla avautuu kuva isommaksi, jos odotat hetkisen, niin kuvat vaihtuvat itsest\u00e4\u00e4n.<\/p>\n\n\n\n<figure class=\"wp-block-gallery has-nested-images columns-4 is-cropped wp-block-gallery-1 is-layout-flex wp-block-gallery-is-layout-flex\">\n<figure class=\"wp-block-image size-large\"><a href=\"https:\/\/www.kuvailla.fi\/wp-content\/uploads\/2021\/09\/IMG_4817-scaled.jpg\"><img loading=\"lazy\" decoding=\"async\" width=\"683\" height=\"1024\" data-id=\"2242\" src=\"https:\/\/www.kuvailla.fi\/wp-content\/uploads\/2021\/09\/IMG_4817-683x1024.jpg\" alt=\"\" class=\"wp-image-2242\" srcset=\"https:\/\/www.kuvailla.fi\/wp-content\/uploads\/2021\/09\/IMG_4817-683x1024.jpg 683w, https:\/\/www.kuvailla.fi\/wp-content\/uploads\/2021\/09\/IMG_4817-200x300.jpg 200w, https:\/\/www.kuvailla.fi\/wp-content\/uploads\/2021\/09\/IMG_4817-768x1152.jpg 768w, https:\/\/www.kuvailla.fi\/wp-content\/uploads\/2021\/09\/IMG_4817-1024x1536.jpg 1024w, https:\/\/www.kuvailla.fi\/wp-content\/uploads\/2021\/09\/IMG_4817-1365x2048.jpg 1365w, https:\/\/www.kuvailla.fi\/wp-content\/uploads\/2021\/09\/IMG_4817-scaled.jpg 1707w\" sizes=\"auto, (max-width: 683px) 100vw, 683px\" \/><\/a><figcaption>Marjaana<\/figcaption><\/figure>\n\n\n\n<figure class=\"wp-block-image size-large\"><a href=\"https:\/\/www.kuvailla.fi\/wp-content\/uploads\/2021\/09\/IMG_4819-scaled.jpg\"><img loading=\"lazy\" decoding=\"async\" width=\"683\" height=\"1024\" data-id=\"2243\" src=\"https:\/\/www.kuvailla.fi\/wp-content\/uploads\/2021\/09\/IMG_4819-683x1024.jpg\" alt=\"\" class=\"wp-image-2243\" srcset=\"https:\/\/www.kuvailla.fi\/wp-content\/uploads\/2021\/09\/IMG_4819-683x1024.jpg 683w, https:\/\/www.kuvailla.fi\/wp-content\/uploads\/2021\/09\/IMG_4819-200x300.jpg 200w, https:\/\/www.kuvailla.fi\/wp-content\/uploads\/2021\/09\/IMG_4819-768x1152.jpg 768w, https:\/\/www.kuvailla.fi\/wp-content\/uploads\/2021\/09\/IMG_4819-1024x1536.jpg 1024w, https:\/\/www.kuvailla.fi\/wp-content\/uploads\/2021\/09\/IMG_4819-1365x2048.jpg 1365w, https:\/\/www.kuvailla.fi\/wp-content\/uploads\/2021\/09\/IMG_4819-scaled.jpg 1707w\" sizes=\"auto, (max-width: 683px) 100vw, 683px\" \/><\/a><figcaption>Marjaana<\/figcaption><\/figure>\n\n\n\n<figure class=\"wp-block-image size-large\"><a href=\"https:\/\/www.kuvailla.fi\/wp-content\/uploads\/2021\/09\/IMG_4821-scaled.jpg\"><img loading=\"lazy\" decoding=\"async\" width=\"683\" height=\"1024\" data-id=\"2244\" src=\"https:\/\/www.kuvailla.fi\/wp-content\/uploads\/2021\/09\/IMG_4821-683x1024.jpg\" alt=\"\" class=\"wp-image-2244\" srcset=\"https:\/\/www.kuvailla.fi\/wp-content\/uploads\/2021\/09\/IMG_4821-683x1024.jpg 683w, https:\/\/www.kuvailla.fi\/wp-content\/uploads\/2021\/09\/IMG_4821-200x300.jpg 200w, https:\/\/www.kuvailla.fi\/wp-content\/uploads\/2021\/09\/IMG_4821-768x1152.jpg 768w, https:\/\/www.kuvailla.fi\/wp-content\/uploads\/2021\/09\/IMG_4821-1024x1536.jpg 1024w, https:\/\/www.kuvailla.fi\/wp-content\/uploads\/2021\/09\/IMG_4821-1365x2048.jpg 1365w, https:\/\/www.kuvailla.fi\/wp-content\/uploads\/2021\/09\/IMG_4821-scaled.jpg 1707w\" sizes=\"auto, (max-width: 683px) 100vw, 683px\" \/><\/a><figcaption>Marjaana<\/figcaption><\/figure>\n\n\n\n<figure class=\"wp-block-image size-large\"><a href=\"https:\/\/www.kuvailla.fi\/wp-content\/uploads\/2021\/09\/IMG_4824-scaled.jpg\"><img loading=\"lazy\" decoding=\"async\" width=\"683\" height=\"1024\" data-id=\"2245\" src=\"https:\/\/www.kuvailla.fi\/wp-content\/uploads\/2021\/09\/IMG_4824-683x1024.jpg\" alt=\"\" class=\"wp-image-2245\" srcset=\"https:\/\/www.kuvailla.fi\/wp-content\/uploads\/2021\/09\/IMG_4824-683x1024.jpg 683w, https:\/\/www.kuvailla.fi\/wp-content\/uploads\/2021\/09\/IMG_4824-200x300.jpg 200w, https:\/\/www.kuvailla.fi\/wp-content\/uploads\/2021\/09\/IMG_4824-768x1152.jpg 768w, https:\/\/www.kuvailla.fi\/wp-content\/uploads\/2021\/09\/IMG_4824-1024x1536.jpg 1024w, https:\/\/www.kuvailla.fi\/wp-content\/uploads\/2021\/09\/IMG_4824-1365x2048.jpg 1365w, https:\/\/www.kuvailla.fi\/wp-content\/uploads\/2021\/09\/IMG_4824-scaled.jpg 1707w\" sizes=\"auto, (max-width: 683px) 100vw, 683px\" \/><\/a><figcaption>Marjaana<\/figcaption><\/figure>\n\n\n\n<figure class=\"wp-block-image size-large\"><a href=\"https:\/\/www.kuvailla.fi\/wp-content\/uploads\/2021\/09\/IMG_8259-scaled.jpg\"><img loading=\"lazy\" decoding=\"async\" width=\"768\" height=\"1024\" data-id=\"2246\" src=\"https:\/\/www.kuvailla.fi\/wp-content\/uploads\/2021\/09\/IMG_8259-768x1024.jpg\" alt=\"\" class=\"wp-image-2246\" srcset=\"https:\/\/www.kuvailla.fi\/wp-content\/uploads\/2021\/09\/IMG_8259-768x1024.jpg 768w, https:\/\/www.kuvailla.fi\/wp-content\/uploads\/2021\/09\/IMG_8259-225x300.jpg 225w, https:\/\/www.kuvailla.fi\/wp-content\/uploads\/2021\/09\/IMG_8259-1152x1536.jpg 1152w, https:\/\/www.kuvailla.fi\/wp-content\/uploads\/2021\/09\/IMG_8259-1536x2048.jpg 1536w, https:\/\/www.kuvailla.fi\/wp-content\/uploads\/2021\/09\/IMG_8259-scaled.jpg 1920w\" sizes=\"auto, (max-width: 768px) 100vw, 768px\" \/><\/a><figcaption>Miranda<\/figcaption><\/figure>\n\n\n\n<figure class=\"wp-block-image size-large\"><a href=\"https:\/\/www.kuvailla.fi\/wp-content\/uploads\/2021\/09\/IMG_8261-scaled.jpg\"><img loading=\"lazy\" decoding=\"async\" width=\"768\" height=\"1024\" data-id=\"2247\" src=\"https:\/\/www.kuvailla.fi\/wp-content\/uploads\/2021\/09\/IMG_8261-768x1024.jpg\" alt=\"\" class=\"wp-image-2247\" srcset=\"https:\/\/www.kuvailla.fi\/wp-content\/uploads\/2021\/09\/IMG_8261-768x1024.jpg 768w, https:\/\/www.kuvailla.fi\/wp-content\/uploads\/2021\/09\/IMG_8261-225x300.jpg 225w, https:\/\/www.kuvailla.fi\/wp-content\/uploads\/2021\/09\/IMG_8261-1152x1536.jpg 1152w, https:\/\/www.kuvailla.fi\/wp-content\/uploads\/2021\/09\/IMG_8261-1536x2048.jpg 1536w, https:\/\/www.kuvailla.fi\/wp-content\/uploads\/2021\/09\/IMG_8261-scaled.jpg 1920w\" sizes=\"auto, (max-width: 768px) 100vw, 768px\" \/><\/a><figcaption>Miranda<\/figcaption><\/figure>\n\n\n\n<figure class=\"wp-block-image size-large\"><a href=\"https:\/\/www.kuvailla.fi\/wp-content\/uploads\/2021\/09\/IMG_8262-scaled.jpg\"><img loading=\"lazy\" decoding=\"async\" width=\"768\" height=\"1024\" data-id=\"2248\" src=\"https:\/\/www.kuvailla.fi\/wp-content\/uploads\/2021\/09\/IMG_8262-768x1024.jpg\" alt=\"\" class=\"wp-image-2248\" srcset=\"https:\/\/www.kuvailla.fi\/wp-content\/uploads\/2021\/09\/IMG_8262-768x1024.jpg 768w, https:\/\/www.kuvailla.fi\/wp-content\/uploads\/2021\/09\/IMG_8262-225x300.jpg 225w, https:\/\/www.kuvailla.fi\/wp-content\/uploads\/2021\/09\/IMG_8262-1152x1536.jpg 1152w, https:\/\/www.kuvailla.fi\/wp-content\/uploads\/2021\/09\/IMG_8262-1536x2048.jpg 1536w, https:\/\/www.kuvailla.fi\/wp-content\/uploads\/2021\/09\/IMG_8262-scaled.jpg 1920w\" sizes=\"auto, (max-width: 768px) 100vw, 768px\" \/><\/a><figcaption>Miranda<\/figcaption><\/figure>\n\n\n\n<figure class=\"wp-block-image size-large\"><a href=\"https:\/\/www.kuvailla.fi\/wp-content\/uploads\/2021\/09\/IMG_8265-scaled.jpg\"><img loading=\"lazy\" decoding=\"async\" width=\"768\" height=\"1024\" data-id=\"2249\" src=\"https:\/\/www.kuvailla.fi\/wp-content\/uploads\/2021\/09\/IMG_8265-768x1024.jpg\" alt=\"\" class=\"wp-image-2249\" srcset=\"https:\/\/www.kuvailla.fi\/wp-content\/uploads\/2021\/09\/IMG_8265-768x1024.jpg 768w, https:\/\/www.kuvailla.fi\/wp-content\/uploads\/2021\/09\/IMG_8265-225x300.jpg 225w, https:\/\/www.kuvailla.fi\/wp-content\/uploads\/2021\/09\/IMG_8265-1152x1536.jpg 1152w, https:\/\/www.kuvailla.fi\/wp-content\/uploads\/2021\/09\/IMG_8265-1536x2048.jpg 1536w, https:\/\/www.kuvailla.fi\/wp-content\/uploads\/2021\/09\/IMG_8265-scaled.jpg 1920w\" sizes=\"auto, (max-width: 768px) 100vw, 768px\" \/><\/a><figcaption>Miranda<\/figcaption><\/figure>\n<\/figure>\n\n\n\n<p style=\"text-align: justify;\"><span style=\"font-size: 16px;\">Zen-valokuvapajan opetustapa on p\u00e4\u00e4osin k\u00e4yt\u00e4nn\u00f6n tekemist\u00e4, joutenkulkemista, hiljaisuutta ja\u00a0 vaeltelemista sek\u00e4 meditatiivista valokuvaamista. Opetus k\u00e4sitteli: mit\u00e4 zen-valokuvaaminen voi olla ja miss\u00e4 sen juuret lep\u00e4\u00e4v\u00e4t. Puhumista ja diaesitys kesti puolisen tuntia jossa zen-asennetta. Opetus sis\u00e4lsi my\u00f6s n\u00e4k\u00f6kulmia n\u00e4hd\u00e4 maailmaa puhtain silmin eli havaita kuvauskohde, joka havahduttaa ja kiinnostaa kuvaajaa. Kuvaaja\u00a0 ymm\u00e4rt\u00e4\u00e4, ett\u00e4 &#8221;oma mieli&#8221; alkaa arvioimaan kohdeta: -onko t\u00e4st\u00e4 hyv\u00e4ksi valokuvaksi? sopiiko t\u00e4m\u00e4 kuva johonkin sein\u00e4lle ja kenelle mahdan kuvaa n\u00e4ytt\u00e4\u00e4 jne. Arjessa meill\u00e4 on loputtomasti tuollaista pohtimista, ja p\u00e4\u00e4ss\u00e4 risteilee kaikenlaisia ajatusaihelmia. Se on hajottavaa huolestuneisuutta. Kuvaaminen hiljaisella pyrkim\u00e4tt\u00f6m\u00e4ll\u00e4 mielell\u00e4, jossa kiire on j\u00e4tetty taakse, silloin silm\u00e4 n\u00e4kee luonnon ja kohteet raikkaasti. Hyv\u00e4 tapa on hidastaa ja viel\u00e4 hidastaa enemm\u00e4n askelia ja pyrki\u00e4 kuvien jahtaamisesta pois. Kiinnostavaa kuvattavaa riitt\u00e4\u00e4, jos vain luottaa, ett\u00e4 kohteet l\u00f6yt\u00e4v\u00e4t kuvaajansa; on vain oltava hereill\u00e4 ja mieli avoinna.\u00a0\u00a0<\/span><\/p>\n<p>\u00a0<\/p>\n<p>\u00a0<\/p>\n<p>\u00a0<\/p>\n","protected":false},"excerpt":{"rendered":"<p>ZEN-VALOKUVAUKSEN TY\u00d6PAJA KUHMOISISSAZen-valokuvaty\u00f6paja oli lauantaina 25.9.2021 osana \u201dPOP UP HEVONKUUSI\u201d, n\u00e4yttelytapahtumaa.&nbsp; Zen-valokuvauksen ty\u00f6paja pidettiin Kuhmoisissa talossa, joka alunperin oli ollut yli sata vuotta vanha torppa. Torppa oli vuosien ja leiv\u00e4n <a class=\"more-link\" href=\"https:\/\/www.kuvailla.fi\/?page_id=2257\">Lue lis\u00e4\u00e4 &#8230;<\/a><\/p>\n","protected":false},"author":1,"featured_media":0,"parent":0,"menu_order":0,"comment_status":"closed","ping_status":"closed","template":"","meta":{"footnotes":""},"class_list":["post-2257","page","type-page","status-publish","hentry"],"_links":{"self":[{"href":"https:\/\/www.kuvailla.fi\/index.php?rest_route=\/wp\/v2\/pages\/2257","targetHints":{"allow":["GET"]}}],"collection":[{"href":"https:\/\/www.kuvailla.fi\/index.php?rest_route=\/wp\/v2\/pages"}],"about":[{"href":"https:\/\/www.kuvailla.fi\/index.php?rest_route=\/wp\/v2\/types\/page"}],"author":[{"embeddable":true,"href":"https:\/\/www.kuvailla.fi\/index.php?rest_route=\/wp\/v2\/users\/1"}],"replies":[{"embeddable":true,"href":"https:\/\/www.kuvailla.fi\/index.php?rest_route=%2Fwp%2Fv2%2Fcomments&post=2257"}],"version-history":[{"count":18,"href":"https:\/\/www.kuvailla.fi\/index.php?rest_route=\/wp\/v2\/pages\/2257\/revisions"}],"predecessor-version":[{"id":2655,"href":"https:\/\/www.kuvailla.fi\/index.php?rest_route=\/wp\/v2\/pages\/2257\/revisions\/2655"}],"wp:attachment":[{"href":"https:\/\/www.kuvailla.fi\/index.php?rest_route=%2Fwp%2Fv2%2Fmedia&parent=2257"}],"curies":[{"name":"wp","href":"https:\/\/api.w.org\/{rel}","templated":true}]}}